Let b = -46 + 8. Let h = b + 74. What is the tens digit of h?
3
Let i be (8/4 - -284) + -2. Suppose -824 = -4*a - i. What is the hundreds digit of a?
1
Let c be 2*-87*(-2 + 2/4). Suppose -5*q - c = -1236. What is the tens digit of q?
9
Let c = -47 - -155. Suppose 4*q = 8*q - c. What is the tens digit of q?
2
Let g(p) = -4*p**2 + 0*p**2 + 98*p**3 + 3*p**2. Let c be g(1). Let v = c - 59. What is the tens digit of v?
3
Suppose 5*l - 4 = 1. Suppose -a = -3 + l. Suppose -a*j + j + 19 = -4*i, 0 = 4*j - 3*i - 50. What is the tens digit of j?
1
Suppose -268 = -4*b + 3*v, 114 = 5*b + v - 202. Suppose -96 - b = -5*t. What is the tens digit of t?
3
Let v be 1125/21 - 3/(-7). Let f = v - -3. What is the tens digit of f?
5
Let a = 11 - 5. Let g = 24 - a. Suppose -s + g = -29. What is the units digit of s?
7
Suppose -13*a + 4*a + 2547 = 0. Suppose o - 6*o = 2*r - a, 0 = -4*o - 2*r + 226. What is the tens digit of o?
5
Suppose -n = 2*n. Suppose n = 2*o - 94 - 38. What is the tens digit of o?
6
Suppose 4*f - 2*s = 9708, -f + 2430 = 71*s - 70*s. What is the thousands digit of f?
2
Let s = 982 - 686. Let f = s + -88. What is the hundreds digit of f?
2
What is the hundreds digit of 769 + (6/(-21)*-7 - 6)?
7
Let j(c) = 101*c**2 + 51*c - 226. What is the thousands digit of j(6)?
3
Let d be ((-8)/(-5))/((-3)/15). What is the tens digit of (4/(d/(-6)))/1 + 101?
0
Suppose 10 = -6*n + 8*n. Suppose n*d = 161 + 64. What is the units digit of d?
5
Suppose f - w - 1 = 0, w - 6*w - 17 = -f. Let z = 24 + -45. What is the units digit of f/z - (-136)/28?
5
Let d be (1 - 0)/(0 + 6/2712). Suppose -6*w = -w + 2*m - 1138, d = 2*w + 4*m. What is the hundreds digit of w?
2
Let q = -314 + 671. Let r = q + -125. What is the tens digit of r?
3
Let p be 19/(-2) + (-2 - -9)/(-14). Let o(r) = -26*r + 65. What is the tens digit of o(p)?
2
Let c be (-6)/(-4) + 21/14. Suppose -v + 8 = c*v. Suppose 4*g + 5*h - 108 = 0, 4*g - 106 - v = -h. What is the units digit of g?
7
Let c be (-1)/(-3) + 28/(-3). Let m(t) = 2*t**2 + 14*t + 10. Let y be m(c). Suppose -3*q - 39 = -3*r, -5*r - 2*q + 5 = -y. What is the units digit of r?
1
Suppose 7*t - 8*t = -3*m + 2904, 0 = 2*m + 3*t - 1936. What is the tens digit of m?
6
Suppose 16 = 10*p - 6*p. Suppose 3*s - 178 = p*l + 74, 336 = 4*s - 3*l. What is the units digit of s?
4
Suppose 5*c = c. Suppose -5*s + 29 + 26 = c. Let i(m) = m**3 - 10*m**2 - 7*m - 11. What is the units digit of i(s)?
3
Let r(f) = -2*f**3 + 3*f**2 + 6*f - 13*f**2 + 8*f**2 + 3. What is the tens digit of r(-4)?
7
Suppose 0 = 2*s + s + 24. Let y(j) = 32 - 22 - 21 - 2*j. What is the units digit of y(s)?
5
Let p(a) = -4*a. Let z be p(1). What is the units digit of (-7)/(-140)*2956 - z/(-5)?
7
Suppose 3*p - 702 = 111. What is the hundreds digit of p?
2
Let z be 92/(-32) + 4/(-32). What is the tens digit of z/((-24)/28)*12/1?
4
Let w(t) = t**3 - 14*t**2 + 14*t + 27. What is the tens digit of w(13)?
4
Let k(h) be the second derivative of -h**4/12 - h**3/2 + h**2/2 + 8*h. Let u be k(4). What is the tens digit of (1 - 8/4)*u?
2
Let d(q) be the third derivative of -q**6/120 - 11*q**5/60 - 7*q**4/12 - 2*q**3/3 - 4*q**2. Let p be d(-10). Let b = -16 + p. What is the tens digit of b?
2
Let d(p) = 60*p + 12. Let z be d(4). Suppose -6*k + 3*k = -z. What is the tens digit of k?
8
Let q(u) = -u**2 - 11*u + 14. Let j be q(-12). Suppose j*i + 4*m = 132, 48 = 4*i - 3*i - 4*m. What is the units digit of i?
0
Suppose -z + w - 5 = -w, -10 = -3*z + w. Suppose -4*s + 302 = -0*k - 2*k, -382 = -z*s + 4*k. What is the tens digit of s?
7
Suppose 2*i - 44 - 466 = -4*g, 0 = -5*g + 10. Let w(o) = -o - 4. Let u be w(-6). Suppose u*j - 98 = -2*p, i = -2*p + 7*p - j. What is the units digit of p?
0
What is the units digit of ((-8)/(-10))/(-4*12/(-72600))?
0
Let l = -510 + 820. What is the hundreds digit of l?
3
Suppose 4*k - 4*h + 19 = -9*h, 2 = -k - 4*h. What is the hundreds digit of 850/6 + -5 - (-4)/k?
1
Suppose 5*c = 4*q - 8 - 2, -4*c - 4*q = -28. Suppose -2*y + 0*y = 5*v - 42, -c*y - 58 = -5*v. Let r = 13 - v. What is the units digit of r?
3
Let m = -1829 - -4238. Suppose 7*h - m = -526. What is the hundreds digit of h?
2
Let q(u) = 41*u**3 - 6*u + 5. What is the units digit of q(2)?
1
Let z be (-8)/(-2) + -5 + -1. Let v = z + -5. What is the units digit of (-44)/v + 6/(-21)?
6
Let d(q) = -16*q + 89. What is the units digit of d(-17)?
1
Suppose -36*x - 16611 = -3*a - 31*x, 0 = 3*x - 9. What is the thousands digit of a?
5
Let y = 3 + -1. Suppose -y*c - 1 = -7. Suppose -5*u = -c*u - 14. What is the units digit of u?
7
Suppose 0 = 20*t - 19*t - 462. What is the hundreds digit of (17/3)/(14/t)?
1
Let h(y) be the first derivative of -y**4/4 - 16*y**3/3 + 7*y**2 - 14*y + 10. What is the units digit of h(-17)?
7
Let u(g) = -29*g + 33. Let b be u(-4). Suppose f = b - 124. What is the tens digit of f?
2
Let s(f) = 3*f**3 + 75*f**2 + 3*f + 72. What is the tens digit of s(-23)?
7
Suppose 11*u + 1577 = 10311. What is the hundreds digit of u?
7
Let c(p) = -2*p - 4. Let j(w) = -6*w - 13. Let b(n) = 17*c(n) - 6*j(n). Let f be b(-10). What is the tens digit of 12/(-30) + (-304)/f?
3
Let z(b) = -b**3 + 4*b**2 + 4. Let d be z(4). Suppose -2*f - 190 = -7*f - 5*q, -2*q + 158 = d*f. What is the tens digit of f?
4
Let m(k) = 9*k - 2. Let j be m(6). Let v be 36/(-16)*16/(-6). Suppose 0 = 3*h - 2*p - j, -h + v*p + 22 = 3*p. What is the tens digit of h?
1
Suppose -x = -4*x - 42. Let t = -23 - x. Let a(g) = -g + 18. What is the units digit of a(t)?
7
Let x(z) = -60*z**3 + 3*z + 2. Let q be x(-2). Let u = -171 + q. What is the hundreds digit of u?
3
Let c(b) = -4*b**3 - 12*b**2 - b + 9. Let s(q) = -q**3 - q**2 + q. Let z(o) = -c(o) + 5*s(o). Let y = 20 + -13. What is the units digit of z(y)?
3
Let j(i) be the first derivative of i**4/6 - i**3/6 + i**2/2 + 3*i + 5. Let v(p) be the first derivative of j(p). What is the tens digit of v(-2)?
1
Suppose -y - y + 34 = 2*b, 5*b = -3*y + 45. Suppose -2*u + 14 = 2*j + 2, -u + 3*j = -6. Suppose 5*r = u*r - y. What is the units digit of r?
0
Suppose 0 = 3*f + f + 264. Let q be ((-24)/(-36))/((-2)/f). Suppose 5*w = -7 + q. What is the units digit of w?
3
Let o = -541 + 926. What is the tens digit of o?
8
Suppose -4*n = 4*f - 1388 - 968, -3*n + f + 1767 = 0. What is the hundreds digit of n?
5
Let s(r) = 3*r**2 + 16*r + 13. What is the thousands digit of s(19)?
1
Let r be 3/(-4) - (-12)/16. Suppose r = 2*j - 2 - 8. Suppose 205 = j*p - 0*p. What is the tens digit of p?
4
Suppose 3*p = 3*s + 24, -5*p + 2*p - 1 = 2*s. Suppose g + f = 16, -p*g = -g - 4*f - 44. What is the units digit of (-832)/(-18) + (-4)/g?
6
Let r = -60 - -62. What is the units digit of r/((-4)/(-51))*2?
1
Let a = -745 - -2045. What is the tens digit of a?
0
Let l = -661 + 920. What is the tens digit of l?
5
What is the units digit of -130*(-5 + 6 + -3)?
0
Let f(x) = x**3 - 9*x**2 - 10*x + 11. Suppose 3*k = 4*k + 2*h - 10, 0 = 4*h. What is the units digit of f(k)?
1
Let y(p) be the third derivative of -p**4/8 + 22*p**3/3 + 27*p**2. What is the units digit of y(14)?
2
Let l(y) = -6*y**3 - y**2 + 5*y + 2. Let x be l(-3). What is the tens digit of x + 20/5 - -3?
4
Let g = 49 + -44. Suppose -214 = -5*i + 206. Suppose 0 = 5*m + 20, -99 = -g*y - 3*m + i. What is the tens digit of y?
3
Suppose -3*w = -4*u - u + 350, 0 = -5*w. Let k = -38 + u. What is the units digit of k?
2
Suppose -8*q - 254 + 2022 = 0. What is the tens digit of q?
2
Suppose y - 545 = c - 3*c, 0 = -4*y - 5*c + 2180. What is the units digit of y?
5
Let b(k) = -112*k + 10. Let w be b(-3). Suppose 2*n = 126 + w. What is the hundreds digit of n?
2
Let i be -4 + 2 + 3 + 122. Let z = i - 85. What is the units digit of z?
8
Suppose -4*l - 28 = -5*a - 0*l, 5*a - 5*l = 25. What is the units digit of a?
8
Let y(p) = -p**2 + 9*p - 18. Let q be y(6). Let b(t) = -5*t**3 - 2*t**2 - 5*t. Let d be b(-4). Suppose 7*s = -q*s + d. What is the units digit of s?
4
Suppose 4*r + 57 = 5*h, 2*r - h - h + 30 = 0. Let s = r + 6. Let c = s + 17. What is the units digit of c?
5
Let h(u) = 16*u**2 + 10*u - 2. What is the hundreds digit of h(-6)?
5
Let l(c) = 4*c**2 - 43*c - 285. What is the thousands digit of l(-30)?
4
Let u(a) = -2*a**2 + 6*a - 4. Let y be u(4). Let b(p) = -p**3 - 13*p**2 - 19*p - 16. Wha